2?
-100020012020
In base 16, what is -4e + -2b67e?
-2b6cc
In base 16, what is 456 - -342?
798
In base 13, what is -248414 - -3?
-248411
In base 9, what is -61123 - -4746?
-55266
In base 7, what is -551122 + 26323?
-521466
In base 7, what is -4 - -14421456?
14421452
In base 6, what is 11 + -430324000?
-430323545
In base 15, what is 107cb9 + -1e?
107c9a
In base 6, what is -2 - -132421051?
132421045
In base 14, what is -6b + 19b93?
19b26
In base 10, what is -1318225646 - -4?
-1318225642
In base 8, what is -653 - 231617?
-232472
In base 4, what is -2003110221231 + 2?
-2003110221223
In base 6, what is -2131404 - 245?
-2132053
In base 10, what is 187 - -82420?
82607
In base 13, what is -21713c - 6?
-217145
In base 6, what is 225 + 54421424?
54422053
In base 11, what is -2434 + -127137?
-129570
In base 7, what is 655444441 + 3?
655444444
In base 9, what is 12 - 583673?
-583661
In base 4, what is -10223321113203 + 30?
-10223321113113
In base 13, what is 8ca7 - c92a?
-3953
In base 5, what is 221444103 - -21?
221444124
In base 3, what is 11020101102221212 - 1?
11020101102221211
In base 14, what is 10b777d4d + -4?
10b777d49
In base 6, what is 143405 + -434332?
-250523
In base 13, what is 28c3024 + 2?
28c3026
In base 7, what is 0 + -2443303?
-2443303
In base 8, what is -315 - 31401?
-31716
In base 11, what is 16 - -1a1831?
1a1847
In base 6, what is 1313 + 400040?
401353
In base 2, what is 1 + 111001010100001100011?
111001010100001100100
In base 12, what is -381334 - -31?
-381303
In base 4, what is 30 - 2301133002?
-2301132312
In base 12, what is 7 - 5194b6?
-5194ab
In base 16, what is -2 - 9f69f1?
-9f69f3
In base 9, what is 557872 - -1555?
560537
In base 2, what is -1101100110 - -1100011010000100?
1100001100011110
In base 2, what is 1111001100 + -100101010011?
-10110000111
In base 2, what is 10101 - -11000101101100001111?
11000101101100100100
In base 13, what is 5 - -4c771cba?
4c771cc2
In base 6, what is 141550333 + -5?
141550324
In base 7, what is -1 + -3266160141?
-3266160142
In base 2, what is -10000 - -1111101010111011011?
1111101010111001011
In base 7, what is -2 + -15401106?
-15401111
In base 11, what is -604 + -25908?
-26411
In base 11, what is -21 + -107297?
-107308
In base 11, what is -11 - -41a989?
41a978
In base 4, what is 302 - -2031133313?
2031200221
In base 11, what is -9780920 - 3?
-9780923
In base 5, what is -44040122 - -30?
-44040042
In base 16, what is 278 - -f671?
f8e9
In base 3, what is -11012212 - -1101022?
-2211120
In base 14, what is 2813bb + -3?
2813b8
In base 12, what is -2 - -14226421?
1422641b
In base 5, what is 21 + -10401031034?
-10401031013
In base 9, what is 112058567 + -3?
112058564
In base 6, what is 124025510 - 113?
124025353
In base 14, what is 11c9 - 2984?
-1799
In base 13, what is -204833 + b?
-204825
In base 7, what is -44552 + -16360?
-64242
In base 9, what is 266501 - 114?
266376
In base 7, what is 20030 - 3655?
13042
In base 11, what is -27a - -21117a?
210a00
In base 2, what is 100110010 + 1010000100100001?
1010001001010011
In base 6, what is 422220 + -23?
422153
In base 6, what is 140240540 + 32?
140241012
In base 9, what is -5 - -21288663?
21288657
In base 10, what is 18148351 - -16?
18148367
In base 10, what is -312573 + 7?
-312566
In base 12, what is 19a73 - 4b?
19a24
In base 2, what is -1001100100101 - 111011000011011?
-1000100101000000
In base 2, what is -100110011010 + -1000110111011?
-1101101010101
In base 12, what is 5 - -31194325?
3119432a
In base 4, what is -1110213 + -1102?
-1111321
In base 10, what is -701 + 203191?
202490
In base 10, what is 57990228 + -5?
57990223
In base 6, what is 510012522 - 2?
510012520
In base 10, what is 41 + 3889177?
3889218
In base 13, what is 7257178 - -6?
7257181
In base 10, what is 5 + -115709954?
-115709949
In base 6, what is -1135 - -334001?
332422
In base 11, what is -870006 - -27?
-86aa8a
In base 11, what is 7a612 + -3377?
77246
In base 3, what is -2202201200 + -21201?
-2210000101
In base 16, what is 1d1f9 - 773?
1ca86
In base 3, what is -11122212102220 - 1222?
-11122212111212
In base 7, what is 14441 + -33614?
-16143
In base 12, what is 5 + -30551a?
-305515
In base 16, what is -680ce2 - -5?
-680cdd
In base 15, what is -52ce8b4 - 4?
-52ce8b8
In base 2, what is 10100 - -100110000111111011?
100110001000001111
In base 4, what is -2122102311220 + 2?
-2122102311212
In base 2, what is 101100101110111010100000101 + -1111?
101100101110111010011110110
In base 5, what is -20 + 1114014043?
1114014023
In base 15, what is 453 - 13239?
-12cd6
In base 15, what is -5908 - -9ee?
-4e09
In base 7, what is -6 + 115453101?
115453062
In base 5, what is -22 - 3410433443?
-3410434020
In base 10, what is 25 + -38180?
-38155
In base 6, what is 0 - -22054435055?
22054435055
In base 10, what is 10 + 4671918?
4671928
In base 15, what is -31 + 1206ac?
12067b
In base 15, what is -ba1 - 8cae?
-9960
In base 8, what is -10507 + 145377?
134670
In base 3, what is 201012110001 + -102?
201012102122
In base 5, what is -2433344 - 4231?
-2443130
In base 4, what is -3010 + -23212221?
-23221231
In base 6, what is -3332201 - 4152?
-3340353
In base 10, what is 3 - 12397900?
-12397897
In base 16, what is 47fd + 43f1?
8bee
In base 12, what is 299 - -5479?
5756
In base 11, what is -2210 + -285a?
-4a6a
In base 11, what is 237 + -537a3?
-53567
In base 14, what is -2 + -1260d2c?
-1260d30
In base 11, what is -4 + -2466332?
-2466336
In base 5, what is 0 + 210301211211?
210301211211
In base 2, what is 1110001111000010011111010 + -100?
1110001111000010011110110
In base 9, what is -13467 + 1780?
-11577
In base 11, what is -2a73 - 12a?
-30a2
In base 15, what is -2 - -65e54b?
65e549
In base 8, what is -2175211 - 5?
-2175216
In base 7, what is 5 - -1135634024?
1135634032
In base 6, what is -4 - -3403034255?
3403034251
In base 3, what is 11121122020222 - 2?
11121122020220
In base 16, what is -2 - -5aeeb5?
5aeeb3
In base 15, what is -15a49 + 16c?
-158cc
In base 10, what is -2 + -2814453?
-2814455
In base 7, what is -456040 + 511?
-455226
In base 3, what is -2012000111 - -11121?
-2011211220
In base 11, what is -2a - 93120?
-9314a
In base 13, what is a + -1171a26?
-1171a19
In base 14, what is 0 - 1417c8?
-1417c8
In base 15, what is -5 + -16e8a0?
-16e8a5
In base 8, what is 5475271 + -125?
5475144
In base 9, what is 22082 - 513?
21468
In base 15, what is 426e8 - 1d82?
40866
In base 2, what is 1001111101100 + 10000101110010?
11010101011110
In base 15, what is -618ae6 - -15?
-618ad1
In base 16, what is 12b118 - 29?
12b0ef
In base 14, what is 367c832 - 2?
367c830
In base 8, what is -6373 - 2626?
-11221
In base 10, what is -4 - 10898317?
-10898321
In base 5, what is 21422002420 + 22?
21422002442
In base 12, what is 287963 + -b4?
28786b
In base 5, what is 120400 - 12421?
102424
In base 11, what is -9133 - -758?
-8486
In base 8, what is 34 + -401257?
-401223
In base 13, what is 2c - 1110b47?
-1110b18
In base 5, what is 1311134 - -123234?
1434423
In base 2, what is 11111111010 - -1100111011010011?
1101011011001101
In base 3, what is 2121 + -10210201110211?
-10210201101020
In base 13, what is -3 - 26bb521?
-26bb524
In base 12, what is -23337 - -81a9?
-1714a
In base 13, what is -33 + -103490?
-1034c3
In base 9, what is 20731 - -27762?
48603
In base 12, what is -bb39a - 68?
-bb446
In base 8, what is 11735 - -75400?
107335
In base 9, what is 30 + -1583734?
-1583704
In base 10, what is 29824 + -79?
29745
In base 8, what is 4306 + 13612?
20120
In base 7, what is 63516121 + -65?
63516023
In base 4, what is 10031 - -110203130?
110213221
In base 3, what is -22111 - -222220100?
222120212
In base 6, what is 2410502330 + 2?
2410502332
In base 16, what is -8 - -12e2f7f?
12e2f77
In base 5, what is -1133 + 223410?
222222
In base 2, what is -1010000011010100111011001 + -11?
-1010000011010100111011100
In base 13, what is 33c227 + -76?
33c181
In base 11, what is 3a1a1415 + -2?
3a1a1413
In base 4, what is -320333203031 - 11?
-320333203102
In base 6, what is 1 + -5421520?
-5421515
In base 3, what is -12 - 112000012122121?
-112000012122210
In base 14, what is -5d9 - 346c?
-3a67
In base 3, what is -10022210202 + 1102120?
-10021101012
In base 8, what is 101706402 + -15?
101706365
In base 13, what is 296a08 - -83?
296a8b
In base 8, what is 1072 - -553264?
55